959?
False
Is 184 a factor of 19522952?
True
Does 206 divide 658876580?
True
Is 403383508 a multiple of 892?
False
Is 68 a factor of 33755472?
True
Is 4568924 a multiple of 73?
True
Is 70 a factor of 202122592?
False
Is 74582665 a multiple of 25?
False
Is 156 a factor of 38460841?
False
Is 112 a factor of 137048464?
True
Is 144 a factor of 188406764?
False
Does 177 divide 58960407?
False
Is 18635656 a multiple of 4?
True
Is 18700223 a multiple of 41?
True
Is 467655720 a multiple of 1428?
True
Is 13 a factor of 1182044760?
True
Does 411 divide 81623488?
False
Is 64025037 a multiple of 223?
False
Does 688 divide 1169528448?
True
Does 98 divide 1357621063?
False
Does 1841 divide 66375414?
True
Does 100 divide 1096029246?
False
Is 390960871 a multiple of 1319?
False
Does 2288 divide 241841600?
True
Is 9075 a factor of 943720686?
False
Is 653254 a multiple of 34?
False
Is 66933659 a multiple of 99?
False
Is 35 a factor of 156459415?
True
Is 17405181 a multiple of 47?
True
Is 185741221 a multiple of 399?
False
Does 25 divide 97429225?
True
Is 26 a factor of 2958280?
True
Is 28 a factor of 129308850?
False
Does 53 divide 139525521?
True
Does 285 divide 84662112?
False
Does 210 divide 4181310?
True
Is 54 a factor of 37467414?
True
Is 2817399606 a multiple of 21?
True
Is 5210 a factor of 3399050890?
True
Is 37 a factor of 109978301?
False
Is 16 a factor of 45472534?
False
Does 295 divide 9311085?
True
Does 382 divide 29090071?
False
Is 83867224 a multiple of 209?
False
Is 29 a factor of 589348?
False
Is 579 a factor of 34502610?
True
Does 175 divide 109456025?
True
Is 12 a factor of 319799643?
False
Is 14 a factor of 274744161?
False
Is 65009091 a multiple of 71?
True
Is 350 a factor of 21227833?
False
Is 70436450 a multiple of 10?
True
Does 712 divide 303354323?
False
Does 1091 divide 148438627?
False
Is 132743393 a multiple of 221?
False
Does 4301 divide 797894233?
False
Does 79 divide 1727894330?
False
Does 10 divide 11575480?
True
Does 47 divide 26605102?
True
Does 294 divide 8338579?
False
Is 31 a factor of 1255810?
True
Does 13 divide 323231116?
True
Does 119 divide 133650?
False
Is 1157 a factor of 4100408?
True
Is 1869 a factor of 1439212236?
True
Does 27 divide 20466027?
True
Is 2289240061 a multiple of 1121?
True
Is 785651328 a multiple of 5984?
True
Is 575 a factor of 724864665?
False
Is 7 a factor of 24332600?
False
Is 265666044 a multiple of 147?
True
Is 324851189 a multiple of 3609?
False
Is 48 a factor of 3222094512?
True
Does 1895 divide 260848645?
True
Is 6181574 a multiple of 17?
True
Is 1219904638 a multiple of 144?
False
Is 213670755 a multiple of 279?
True
Does 190 divide 27901690?
True
Does 24 divide 6558984?
True
Is 1212421236 a multiple of 247?
True
Is 8 a factor of 325131128?
True
Does 7277 divide 231495924?
True
Is 15 a factor of 17410800?
True
Is 7 a factor of 11865189?
True
Does 131 divide 34633969?
False
Is 61283208 a multiple of 228?
True
Is 54 a factor of 1847762334?
True
Is 41304350 a multiple of 25?
True
Does 187 divide 27110325?
True
Does 80 divide 70221374?
False
Is 342 a factor of 317275110?
True
Is 784854512 a multiple of 74?
False
Does 1192 divide 127123625?
False
Is 67 a factor of 809632077?
False
Does 7 divide 54742887?
False
Does 8 divide 184427208?
True
Is 15 a factor of 1016481390?
True
Is 983445533 a multiple of 103?
False
Does 25 divide 437076050?
True
Does 46 divide 5744145?
False
Does 2719 divide 352124707?
False
Is 905 a factor of 2774849083?
False
Does 382 divide 2148882278?
False
Is 129695731 a multiple of 2121?
False
Does 389 divide 1316922?
False
Does 208 divide 154885915?
False
Does 115 divide 30543310?
True
Is 141466667 a multiple of 239?
False
Is 10208 a factor of 668791833?
False
Is 307 a factor of 18304889?
False
Is 34616750 a multiple of 125?
True
Is 938 a factor of 104271832?
True
Does 7 divide 450901559?
False
Is 60334658 a multiple of 41?
False
Is 14788080 a multiple of 564?
True
Is 1380 a factor of 105401640?
True
Does 2387 divide 174005139?
True
Does 729 divide 4621860?
True
Is 875 a factor of 1071771917?
False
Does 482 divide 566856998?
False
Is 5693087470 a multiple of 12?
False
Is 3 a factor of 1210866?
True
Does 29 divide 16914466?
False
Is 96 a factor of 9846912?
True
Does 135 divide 279386043?
False
Is 1090 a factor of 68081400?
True
Does 4089 divide 291303188?
False
Does 295 divide 19795090?
True
Does 7 divide 27266974?
True
Is 720 a factor of 24019920?
True
Is 38213388 a multiple of 36?
True
Is 369 a factor of 417603203?
False
Is 39198539 a multiple of 102?
False
Does 74 divide 34468892?
False
Is 255 a factor of 457467960?
True
Is 15658071 a multiple of 1136?
False
Does 3 divide 117596625?
True
Is 20 a factor of 1451466575?
False
Is 17 a factor of 9638864?
True
Is 30 a factor of 37853073?
False
Is 334 a factor of 170893183?
False
Is 2076 a factor of 21136701?
False
Does 1963 divide 509834286?
True
Is 3330785832 a multiple of 127?
False
Does 916 divide 20080274?
False
Is 539 a factor of 83111105?
True
Does 43 divide 32867136?
True
Is 54675200 a multiple of 50?
True
Does 360 divide 75405705?
False
Is 220947232 a multiple of 8?
True
Does 56 divide 1406787200?
True
Is 384 a factor of 261611520?
True
Is 217 a factor of 287158704?
True
Is 62832624 a multiple of 562?
False
Does 4721 divide 1270572172?
True
Does 42 divide 319727719?
False
Is 13 a factor of 303186?
True
Is 38 a factor of 14921996?
False
Does 516 divide 7432879?
False
Is 6745506 a multiple of 3?
True
Does 677 divide 1566105473?
False
Does 56 divide 115133648?
True
Does 6 divide 130424400?
True
Is 39 a factor of 15932982?
True
Is 11 a factor of 2542774?
False
Is 613 a factor of 106631963?
True
Is 16872894 a multiple of 7?
False
Is 35380154 a multiple of 8?
False
Is 101 a factor of 12232661?
False
Is 3319506445 a multiple of 487?
True
Does 426 divide 37182639?
False
Is 104 a factor of 644552792?
True
Is 19 a factor of 7778391?
True
Does 29 divide 2150929?
False
Is 697420938 a multiple of 77?
False
Is 3 a factor of 62916778?
False
Does 725 divide 86596175?
True
Is 373009136 a multiple of 37?
True
Is 696633997 a multiple of 13?
False
Does 2 divide 67430592?
True
Is 525355183 a multiple of 418?
False
Does 1006 divide 88495040?
False
Is 1207 a factor of 82331884?
True
Does 125 divide 4153750?
True
Is 45438494 a multiple of 19?
False
Is 1553420232 a multiple of 252?
True
Is 3110 a factor of 353376860?
True
Is 171 a factor of 71868051?
True
Is 111271560 a multiple of 1086?
True
Is 375 a factor of 51659250?
True
Is 33 a factor of 258425087?
False
Does 1633 divide 283741915?
True
Is 57 a factor of 273689633?
False
Is 5649 a factor of 3165942507?
True
Does 656 divide 178515212?
False
Is 1104177150 a multiple of 5?
True
Does 9 divide 4842306?
True
Is 243632771 a multiple of 1191?
False
Does 91 divide 5765123?
True
Is 44148015 a multiple of 15?
True
Does 223 divide 201540710?
True
Is 1940 a factor of 204048405?
False
Does 882 divide 33049157?
False
Is 27 a factor of 4339980?
True
Is 12931 a factor of 937963016?
True
Is 2340 a factor of 239084820?
True
Is 98386590 a multiple of 349?
True
Is 10 a factor of 45028800?
True
Is 1822 a factor of 254287430?
True
Does 98 divide 50962352?
True
Is 40342949 a multiple of 40?
False
Does 219 divide 33164046?
True
Is 479167390 a multiple of 2923?
True
Does 342 divide 1664947771?
False
Is 240973082 a multiple of 112?
False
Does 173 divide 505232487?
True
Is 146636112 a multiple of 18?
False
Is 21 a factor of 319048598?
False
Is 35070876 a multiple of 36?
True
Does 675 divide 59387175?
True
Does 228 divide 460557995?
False
Is 2814666111 a multiple of 31?
True
Does 136 divide 140650656?
True
Is 9 a factor of 265198633?
False
Is 29583144 a multiple of 162?
True
Is 4 a factor of 1660844?
True
Does 288 divide 281518848?
True
Is 7 a factor of 91863820?
False
Is 1937391112 a multiple of 9?
False
Is 73454450 a multiple of 25?
True
Is 3696070186 a multiple of 26?
False
Does 60 divide 11638800?
True
Is 1730652617 a multiple of 5173?
False
Is 414 a factor of 23456636?
False
Is 42353382 a multiple of 222?
True
Does 88 divide 1842871888?
True
Is 19986950 a multiple of 167?
False
Is 4115543 a multiple of 2?
False
Is 7 a factor of 38919972?
True
Is 8417604 a multiple of 78?
True
Is 72161020 a multiple of 20?
True
